{"id":603,"date":"2024-05-16T20:30:26","date_gmt":"2024-05-17T02:30:26","guid":{"rendered":"https:\/\/audioproxpert.com\/?page_id=603"},"modified":"2025-01-08T21:30:51","modified_gmt":"2025-01-09T03:30:51","slug":"603-2","status":"publish","type":"page","link":"https:\/\/audioproxpert.com\/?page_id=603","title":{"rendered":"Blog"},"content":{"rendered":"<p>[et_pb_section fb_built=\u00bb1&#8243; admin_label=\u00bbHeader\u00bb _builder_version=\u00bb4.22.0&#8243; _module_preset=\u00bbdefault\u00bb collapsed=\u00bbon\u00bb global_colors_info=\u00bb{}\u00bb][et_pb_row _builder_version=\u00bb4.24.0&#8243; _module_preset=\u00bbdefault\u00bb max_width=\u00bb1800px\u00bb global_colors_info=\u00bb{}\u00bb][et_pb_column type=\u00bb4_4&#8243; _builder_version=\u00bb4.22.0&#8243; _module_preset=\u00bbdefault\u00bb global_colors_info=\u00bb{}\u00bb][et_pb_text _builder_version=\u00bb4.23.1&#8243; _module_preset=\u00bb31cfc510-28de-48ed-a4c9-92831852ebff\u00bb text_orientation=\u00bbcenter\u00bb global_colors_info=\u00bb{}\u00bb]<\/p>\n<h1>Audio Blog Xpert<\/h1>\n<p>[\/et_pb_text][et_pb_post_slider posts_number=\u00bb3&#8243; bg_overlay_color=\u00bbrgba(0,59,115,0.26)\u00bb _builder_version=\u00bb4.23.1&#8243; _module_preset=\u00bb473ebc58-8335-4b35-a016-03d21ea131de\u00bb background_color=\u00bbrgba(35,61,255,0.2)\u00bb custom_margin=\u00bb||5%||false|false\u00bb locked=\u00bboff\u00bb global_colors_info=\u00bb{%22gcid-484db635-f953-40b6-926a-828c5cb79840%22:%91%22button_bg_color%22%93,%22gcid-2490e176-5733-4f77-b033-d0b72133e372%22:%91%22border_color_all%22,%22border_color_all_fields%22,%22meta_text_color%22%93}\u00bb][\/et_pb_post_slider][et_pb_blog posts_number=\u00bb6&#8243; include_categories=\u00bb22&#8243; _builder_version=\u00bb4.24.0&#8243; _module_preset=\u00bbd0a62fff-1f2f-4bb3-adf0-25d6c9e0dbd3&#8243; locked=\u00bboff\u00bb global_colors_info=\u00bb{%22gcid-484db635-f953-40b6-926a-828c5cb79840%22:%91%22meta_text_color%22,%22read_more_text_color%22%93}\u00bb][\/et_pb_blog][\/et_pb_column][\/et_pb_row][\/et_pb_section][et_pb_section fb_built=\u00bb1&#8243; specialty=\u00bbon\u00bb admin_label=\u00bbFooter\u00bb _builder_version=\u00bb4.24.0&#8243; _module_preset=\u00bbdefault\u00bb background_color=\u00bbgcid-a93f2103-1d8b-43bb-b21d-81d84bba8b15&#8243; inner_max_width=\u00bb1800px\u00bb overflow-x=\u00bbhidden\u00bb overflow-y=\u00bbhidden\u00bb custom_padding=\u00bb||0px|||\u00bb saved_tabs=\u00bball\u00bb global_colors_info=\u00bb{%22gcid-a93f2103-1d8b-43bb-b21d-81d84bba8b15%22:%91%22background_color%22%93}\u00bb][et_pb_column type=\u00bb3_4&#8243; specialty_columns=\u00bb3&#8243; _builder_version=\u00bb4.16&#8243; _module_preset=\u00bbdefault\u00bb custom_padding=\u00bb|||\u00bb global_colors_info=\u00bb{}\u00bb custom_padding__hover=\u00bb|||\u00bb][et_pb_row_inner _builder_version=\u00bb4.24.0&#8243; _module_preset=\u00bbdefault\u00bb custom_padding=\u00bb||20px||false|false\u00bb locked=\u00bboff\u00bb global_colors_info=\u00bb{}\u00bb][et_pb_column_inner saved_specialty_column_type=\u00bb3_4&#8243; _builder_version=\u00bb4.22.0&#8243; _module_preset=\u00bbdefault\u00bb global_colors_info=\u00bb{}\u00bb][et_pb_text _builder_version=\u00bb4.23.1&#8243; _module_preset=\u00bb13296ff9-b4a6-4269-83af-750ee664b480&#8243; global_colors_info=\u00bb{}\u00bb]<\/p>\n<h2>Audioproxpert<\/h2>\n<p>[\/et_pb_text][\/et_pb_column_inner][\/et_pb_row_inner][et_pb_row_inner column_structure=\u00bb1_2,1_2&#8243; _builder_version=\u00bb4.22.0&#8243; _module_preset=\u00bbdefault\u00bb custom_padding=\u00bb0px|||||\u00bb locked=\u00bboff\u00bb global_colors_info=\u00bb{}\u00bb][et_pb_column_inner type=\u00bb1_2&#8243; saved_specialty_column_type=\u00bb3_4&#8243; _builder_version=\u00bb4.22.0&#8243; _module_preset=\u00bbdefault\u00bb global_colors_info=\u00bb{}\u00bb][et_pb_blurb title=\u00bbDirecci\u00f3n\u00bb image_icon_background_color=\u00bbgcid-a93f2103-1d8b-43bb-b21d-81d84bba8b15&#8243; _builder_version=\u00bb4.27.0&#8243; _module_preset=\u00bbd5abd13d-17e0-4a9c-aff6-7406d9efe020&#8243; custom_margin=\u00bb||30px||false|false\u00bb hover_enabled=\u00bb0&#8243; locked=\u00bboff\u00bb global_colors_info=\u00bb{%22gcid-779a3d53-700b-4950-9fae-611323b51b16%22:%91%22body_link_text_color%22%93,%22gcid-a93f2103-1d8b-43bb-b21d-81d84bba8b15%22:%91%22image_icon_background_color%22%93}\u00bb sticky_enabled=\u00bb0&#8243;]<\/p>\n<p>Centro Hospitalario La Paz, 4ta calle 23-61 zona 3, Quetzaltenango<br \/>\nCl\u00ednicas 404, 405 y 421<\/p>\n<p>1era calle 2da avenida zona 4 Plaza la Coru\u00f1a, La Esperanza, Quetzaltenango<\/p>\n<p>[\/et_pb_blurb][et_pb_blurb title=\u00bbTel\u00e9fono\u00bb image_icon_background_color=\u00bbgcid-a93f2103-1d8b-43bb-b21d-81d84bba8b15&#8243; _builder_version=\u00bb4.27.0&#8243; _module_preset=\u00bbd5abd13d-17e0-4a9c-aff6-7406d9efe020&#8243; custom_margin=\u00bb||30px||false|false\u00bb hover_enabled=\u00bb0&#8243; locked=\u00bboff\u00bb global_colors_info=\u00bb{%22gcid-779a3d53-700b-4950-9fae-611323b51b16%22:%91%22body_link_text_color%22,%22body_link_text_color%22,%22body_link_text_color%22%93,%22gcid-a93f2103-1d8b-43bb-b21d-81d84bba8b15%22:%91%22image_icon_background_color%22,%22image_icon_background_color%22,%22image_icon_background_color%22%93}\u00bb sticky_enabled=\u00bb0&#8243;]<\/p>\n<p>Whatsapp +502 5986 4090 <\/p>\n<p>+502 7726 2176<\/p>\n<p>+502 7765 0501<\/p>\n<p>[\/et_pb_blurb][et_pb_blurb title=\u00bbEmail\u00bb image_icon_background_color=\u00bbgcid-a93f2103-1d8b-43bb-b21d-81d84bba8b15&#8243; _builder_version=\u00bb4.27.0&#8243; _module_preset=\u00bbd5abd13d-17e0-4a9c-aff6-7406d9efe020&#8243; custom_margin=\u00bb||30px||false|false\u00bb hover_enabled=\u00bb0&#8243; locked=\u00bboff\u00bb global_colors_info=\u00bb{%22gcid-779a3d53-700b-4950-9fae-611323b51b16%22:%91%22body_link_text_color%22,%22body_link_text_color%22,%22body_link_text_color%22%93,%22gcid-a93f2103-1d8b-43bb-b21d-81d84bba8b15%22:%91%22image_icon_background_color%22,%22image_icon_background_color%22,%22image_icon_background_color%22%93}\u00bb sticky_enabled=\u00bb0&#8243;]<\/p>\n<p>servicioalcliente@dredgardiazarango.com<\/p>\n<p>[\/et_pb_blurb][\/et_pb_column_inner][et_pb_column_inner type=\u00bb1_2&#8243; saved_specialty_column_type=\u00bb3_4&#8243; _builder_version=\u00bb4.22.0&#8243; _module_preset=\u00bbdefault\u00bb global_colors_info=\u00bb{}\u00bb][et_pb_text _builder_version=\u00bb4.23.1&#8243; _module_preset=\u00bbede00d19-aca2-4bd0-8f40-f050d7168b6e\u00bb custom_margin=\u00bb||10px||false|false\u00bb global_colors_info=\u00bb{%22gcid-779a3d53-700b-4950-9fae-611323b51b16%22:%91%22link_text_color%22%93}\u00bb]<\/p>\n<p><a href=\"#\">Consejos para una Mejor Audici\u00f3n<\/a><\/p>\n<p>[\/et_pb_text][et_pb_text _builder_version=\u00bb4.23.1&#8243; _module_preset=\u00bbede00d19-aca2-4bd0-8f40-f050d7168b6e\u00bb custom_margin=\u00bb||10px||false|false\u00bb global_colors_info=\u00bb{%22gcid-779a3d53-700b-4950-9fae-611323b51b16%22:%91%22link_text_color%22%93}\u00bb]<\/p>\n<p><a href=\"#\">Novedades en el Cuidado de los O\u00eddos<\/a><\/p>\n<p>[\/et_pb_text][et_pb_text _builder_version=\u00bb4.23.1&#8243; _module_preset=\u00bbede00d19-aca2-4bd0-8f40-f050d7168b6e\u00bb custom_margin=\u00bb||10px||false|false\u00bb global_colors_info=\u00bb{%22gcid-779a3d53-700b-4950-9fae-611323b51b16%22:%91%22link_text_color%22%93}\u00bb]<\/p>\n<p><a href=\"#\">C\u00f3mo Proteger tu Audici\u00f3n Diaria<\/a><\/p>\n<p>[\/et_pb_text][et_pb_text _builder_version=\u00bb4.23.1&#8243; _module_preset=\u00bbede00d19-aca2-4bd0-8f40-f050d7168b6e\u00bb custom_margin=\u00bb||10px||false|false\u00bb global_colors_info=\u00bb{%22gcid-779a3d53-700b-4950-9fae-611323b51b16%22:%91%22link_text_color%22%93}\u00bb]<\/p>\n<p><a href=\"#\">Gu\u00eda para el Uso de Aud\u00edfonos<\/a><\/p>\n<p>[\/et_pb_text][et_pb_text _builder_version=\u00bb4.23.1&#8243; _module_preset=\u00bbede00d19-aca2-4bd0-8f40-f050d7168b6e\u00bb custom_margin=\u00bb||10px||false|false\u00bb global_colors_info=\u00bb{%22gcid-779a3d53-700b-4950-9fae-611323b51b16%22:%91%22link_text_color%22%93}\u00bb]<\/p>\n<p><a href=\"#\">Tratamientos Efectivos para la P\u00e9rdida Auditiva<\/a><\/p>\n<p>[\/et_pb_text][et_pb_button button_url=\u00bbhttps:\/\/search.google.com\/local\/writereview?placeid=ChIJc1V3KJOZjoURDg-WcR1mHr4&#038;source=g.page.m.kd&#038;laa=lu-desktop-review-solicitation\u00bb button_text=\u00bbCalifica nuestro servicio\u00bb _builder_version=\u00bb4.23.1&#8243; _module_preset=\u00bbbc74dfd6-d85f-4045-a1dc-f73efc7deb83&#8243; button_text_color=\u00bb#F7F7F7&#8243; button_bg_color=\u00bb#003B73&#8243; custom_margin=\u00bb30px||||false|false\u00bb global_colors_info=\u00bb{}\u00bb][\/et_pb_button][\/et_pb_column_inner][\/et_pb_row_inner][\/et_pb_column][et_pb_column type=\u00bb1_4&#8243; _builder_version=\u00bb4.16&#8243; _module_preset=\u00bbdefault\u00bb custom_padding=\u00bb|||\u00bb global_colors_info=\u00bb{}\u00bb custom_padding__hover=\u00bb|||\u00bb][et_pb_image src=\u00bbhttps:\/\/audioproxpert.com\/wp-content\/uploads\/2024\/05\/renewable-energy-5.jpg\u00bb title_text=\u00bbrenewable-energy-5&#8243; _builder_version=\u00bb4.24.0&#8243; _module_preset=\u00bbdefault\u00bb border_radii=\u00bbon|30px|30px|30px|30px\u00bb locked=\u00bboff\u00bb global_colors_info=\u00bb{}\u00bb][\/et_pb_image][et_pb_image src=\u00bbhttps:\/\/audioproxpert.com\/wp-content\/uploads\/2024\/05\/illustration-06.png\u00bb title_text=\u00bbillustration-06&#8243; _builder_version=\u00bb4.24.0&#8243; _module_preset=\u00bbdefault\u00bb transform_translate=\u00bb50%|-20%\u00bb transform_translate_linked=\u00bboff\u00bb positioning=\u00bbabsolute\u00bb position_origin_a=\u00bbtop_right\u00bb width=\u00bb80%\u00bb locked=\u00bboff\u00bb global_colors_info=\u00bb{}\u00bb][\/et_pb_image][\/et_pb_column][\/et_pb_section][et_pb_section fb_built=\u00bb1&#8243; admin_label=\u00bbFooter Copyright\u00bb _builder_version=\u00bb4.24.0&#8243; _module_preset=\u00bbdefault\u00bb background_color=\u00bbgcid-a93f2103-1d8b-43bb-b21d-81d84bba8b15&#8243; custom_padding=\u00bb0px||0px||true|false\u00bb saved_tabs=\u00bball\u00bb collapsed=\u00bbon\u00bb global_colors_info=\u00bb{%22gcid-a93f2103-1d8b-43bb-b21d-81d84bba8b15%22:%91%22background_color%22%93}\u00bb][\/et_pb_section]<\/p>\n","protected":false},"excerpt":{"rendered":"<p>Audio Blog XpertAudioproxpertCentro Hospitalario La Paz, 4ta calle 23-61 zona 3, Quetzaltenango Cl\u00ednicas 404, 405 y 421 1era calle 2da avenida zona 4 Plaza la Coru\u00f1a, La Esperanza, QuetzaltenangoWhatsapp +502 5986 4090 +502 7726 2176 +502 7765 0501servicioalcliente@dredgardiazarango.comConsejos para una Mejor Audici\u00f3nNovedades en el Cuidado de los O\u00eddosC\u00f3mo Proteger tu Audici\u00f3n DiariaGu\u00eda para el Uso [&hellip;]<\/p>\n","protected":false},"author":1,"featured_media":0,"parent":0,"menu_order":0,"comment_status":"closed","ping_status":"closed","template":"","meta":{"_et_pb_use_builder":"on","_et_pb_old_content":"","_et_gb_content_width":"","_uag_custom_page_level_css":"","footnotes":""},"class_list":["post-603","page","type-page","status-publish","hentry"],"yoast_head":"<!-- This site is optimized with the Yoast SEO plugin v23.5 - https:\/\/yoast.com\/wordpress\/plugins\/seo\/ -->\n<title>Blog - audioproxpert<\/title>\n<meta name=\"robots\" content=\"index, follow, max-snippet:-1, max-image-preview:large, max-video-preview:-1\" \/>\n<link rel=\"canonical\" href=\"https:\/\/audioproxpert.com\/?page_id=603\" \/>\n<meta property=\"og:locale\" content=\"es_ES\" \/>\n<meta property=\"og:type\" content=\"article\" \/>\n<meta property=\"og:title\" content=\"Blog - audioproxpert\" \/>\n<meta property=\"og:description\" content=\"Audio Blog XpertAudioproxpertCentro Hospitalario La Paz, 4ta calle 23-61 zona 3, Quetzaltenango Cl\u00ednicas 404, 405 y 421 1era calle 2da avenida zona 4 Plaza la Coru\u00f1a, La Esperanza, QuetzaltenangoWhatsapp +502 5986 4090 +502 7726 2176 +502 7765 0501servicioalcliente@dredgardiazarango.comConsejos para una Mejor Audici\u00f3nNovedades en el Cuidado de los O\u00eddosC\u00f3mo Proteger tu Audici\u00f3n DiariaGu\u00eda para el Uso [&hellip;]\" \/>\n<meta property=\"og:url\" content=\"https:\/\/audioproxpert.com\/?page_id=603\" \/>\n<meta property=\"og:site_name\" content=\"audioproxpert\" \/>\n<meta property=\"article:publisher\" content=\"https:\/\/www.facebook.com\/profile.php?id=100083037445521\" \/>\n<meta property=\"article:modified_time\" content=\"2025-01-09T03:30:51+00:00\" \/>\n<meta name=\"twitter:card\" content=\"summary_large_image\" \/>\n<meta name=\"twitter:site\" content=\"@AudioproXperts\" \/>\n<meta name=\"twitter:label1\" content=\"Tiempo de lectura\" \/>\n\t<meta name=\"twitter:data1\" content=\"6 minutos\" \/>\n<script type=\"application\/ld+json\" class=\"yoast-schema-graph\">{\"@context\":\"https:\/\/schema.org\",\"@graph\":[{\"@type\":\"WebPage\",\"@id\":\"https:\/\/audioproxpert.com\/?page_id=603\",\"url\":\"https:\/\/audioproxpert.com\/?page_id=603\",\"name\":\"Blog - audioproxpert\",\"isPartOf\":{\"@id\":\"https:\/\/audioproxpert.com\/#website\"},\"datePublished\":\"2024-05-17T02:30:26+00:00\",\"dateModified\":\"2025-01-09T03:30:51+00:00\",\"breadcrumb\":{\"@id\":\"https:\/\/audioproxpert.com\/?page_id=603#breadcrumb\"},\"inLanguage\":\"es\",\"potentialAction\":[{\"@type\":\"ReadAction\",\"target\":[\"https:\/\/audioproxpert.com\/?page_id=603\"]}]},{\"@type\":\"BreadcrumbList\",\"@id\":\"https:\/\/audioproxpert.com\/?page_id=603#breadcrumb\",\"itemListElement\":[{\"@type\":\"ListItem\",\"position\":1,\"name\":\"Portada\",\"item\":\"https:\/\/audioproxpert.com\/\"},{\"@type\":\"ListItem\",\"position\":2,\"name\":\"Blog\"}]},{\"@type\":\"WebSite\",\"@id\":\"https:\/\/audioproxpert.com\/#website\",\"url\":\"https:\/\/audioproxpert.com\/\",\"name\":\"audioproxpert\",\"description\":\"\",\"potentialAction\":[{\"@type\":\"SearchAction\",\"target\":{\"@type\":\"EntryPoint\",\"urlTemplate\":\"https:\/\/audioproxpert.com\/?s={search_term_string}\"},\"query-input\":{\"@type\":\"PropertyValueSpecification\",\"valueRequired\":true,\"valueName\":\"search_term_string\"}}],\"inLanguage\":\"es\"}]}<\/script>\n<!-- \/ Yoast SEO plugin. -->","yoast_head_json":{"title":"Blog - audioproxpert","robots":{"index":"index","follow":"follow","max-snippet":"max-snippet:-1","max-image-preview":"max-image-preview:large","max-video-preview":"max-video-preview:-1"},"canonical":"https:\/\/audioproxpert.com\/?page_id=603","og_locale":"es_ES","og_type":"article","og_title":"Blog - audioproxpert","og_description":"Audio Blog XpertAudioproxpertCentro Hospitalario La Paz, 4ta calle 23-61 zona 3, Quetzaltenango Cl\u00ednicas 404, 405 y 421 1era calle 2da avenida zona 4 Plaza la Coru\u00f1a, La Esperanza, QuetzaltenangoWhatsapp +502 5986 4090 +502 7726 2176 +502 7765 0501servicioalcliente@dredgardiazarango.comConsejos para una Mejor Audici\u00f3nNovedades en el Cuidado de los O\u00eddosC\u00f3mo Proteger tu Audici\u00f3n DiariaGu\u00eda para el Uso [&hellip;]","og_url":"https:\/\/audioproxpert.com\/?page_id=603","og_site_name":"audioproxpert","article_publisher":"https:\/\/www.facebook.com\/profile.php?id=100083037445521","article_modified_time":"2025-01-09T03:30:51+00:00","twitter_card":"summary_large_image","twitter_site":"@AudioproXperts","twitter_misc":{"Tiempo de lectura":"6 minutos"},"schema":{"@context":"https:\/\/schema.org","@graph":[{"@type":"WebPage","@id":"https:\/\/audioproxpert.com\/?page_id=603","url":"https:\/\/audioproxpert.com\/?page_id=603","name":"Blog - audioproxpert","isPartOf":{"@id":"https:\/\/audioproxpert.com\/#website"},"datePublished":"2024-05-17T02:30:26+00:00","dateModified":"2025-01-09T03:30:51+00:00","breadcrumb":{"@id":"https:\/\/audioproxpert.com\/?page_id=603#breadcrumb"},"inLanguage":"es","potentialAction":[{"@type":"ReadAction","target":["https:\/\/audioproxpert.com\/?page_id=603"]}]},{"@type":"BreadcrumbList","@id":"https:\/\/audioproxpert.com\/?page_id=603#breadcrumb","itemListElement":[{"@type":"ListItem","position":1,"name":"Portada","item":"https:\/\/audioproxpert.com\/"},{"@type":"ListItem","position":2,"name":"Blog"}]},{"@type":"WebSite","@id":"https:\/\/audioproxpert.com\/#website","url":"https:\/\/audioproxpert.com\/","name":"audioproxpert","description":"","potentialAction":[{"@type":"SearchAction","target":{"@type":"EntryPoint","urlTemplate":"https:\/\/audioproxpert.com\/?s={search_term_string}"},"query-input":{"@type":"PropertyValueSpecification","valueRequired":true,"valueName":"search_term_string"}}],"inLanguage":"es"}]}},"uagb_featured_image_src":{"full":false,"thumbnail":false,"medium":false,"medium_large":false,"large":false,"1536x1536":false,"2048x2048":false,"et-pb-post-main-image":false,"et-pb-post-main-image-fullwidth":false,"et-pb-portfolio-image":false,"et-pb-portfolio-module-image":false,"et-pb-portfolio-image-single":false,"et-pb-gallery-module-image-portrait":false,"et-pb-post-main-image-fullwidth-large":false,"et-pb-image--responsive--desktop":false,"et-pb-image--responsive--tablet":false,"et-pb-image--responsive--phone":false,"woocommerce_thumbnail":false,"woocommerce_single":false,"woocommerce_gallery_thumbnail":false},"uagb_author_info":{"display_name":"audioproxpert.com","author_link":"https:\/\/audioproxpert.com\/?author=1"},"uagb_comment_info":0,"uagb_excerpt":"Audio Blog XpertAudioproxpertCentro Hospitalario La Paz, 4ta calle 23-61 zona 3, Quetzaltenango Cl\u00ednicas 404, 405 y 421 1era calle 2da avenida zona 4 Plaza la Coru\u00f1a, La Esperanza, QuetzaltenangoWhatsapp +502 5986 4090 +502 7726 2176 +502 7765 0501servicioalcliente@dredgardiazarango.comConsejos para una Mejor Audici\u00f3nNovedades en el Cuidado de los O\u00eddosC\u00f3mo Proteger tu Audici\u00f3n DiariaGu\u00eda para el Uso&hellip;","jetpack_sharing_enabled":true,"_links":{"self":[{"href":"https:\/\/audioproxpert.com\/index.php?rest_route=\/wp\/v2\/pages\/603","targetHints":{"allow":["GET"]}}],"collection":[{"href":"https:\/\/audioproxpert.com\/index.php?rest_route=\/wp\/v2\/pages"}],"about":[{"href":"https:\/\/audioproxpert.com\/index.php?rest_route=\/wp\/v2\/types\/page"}],"author":[{"embeddable":true,"href":"https:\/\/audioproxpert.com\/index.php?rest_route=\/wp\/v2\/users\/1"}],"replies":[{"embeddable":true,"href":"https:\/\/audioproxpert.com\/index.php?rest_route=%2Fwp%2Fv2%2Fcomments&post=603"}],"version-history":[{"count":11,"href":"https:\/\/audioproxpert.com\/index.php?rest_route=\/wp\/v2\/pages\/603\/revisions"}],"predecessor-version":[{"id":1020,"href":"https:\/\/audioproxpert.com\/index.php?rest_route=\/wp\/v2\/pages\/603\/revisions\/1020"}],"wp:attachment":[{"href":"https:\/\/audioproxpert.com\/index.php?rest_route=%2Fwp%2Fv2%2Fmedia&parent=603"}],"curies":[{"name":"wp","href":"https:\/\/api.w.org\/{rel}","templated":true}]}}